{"id":5032,"date":"2025-05-13T16:28:48","date_gmt":"2025-05-13T16:28:48","guid":{"rendered":"https:\/\/photoboothaveiro.pt\/agd\/?page_id=5032"},"modified":"2025-05-16T16:17:52","modified_gmt":"2025-05-16T16:17:52","slug":"opiniaoavaliacao-sparklers","status":"publish","type":"page","link":"https:\/\/photoboothaveiro.pt\/agd\/opiniaoavaliacao-sparklers\/","title":{"rendered":"Opini\u00e3o | Avalia\u00e7\u00e3o Sparklers"},"content":{"rendered":"","protected":false},"excerpt":{"rendered":"","protected":false},"author":1,"featured_media":0,"parent":0,"menu_order":0,"comment_status":"open","ping_status":"closed","template":"","meta":{"ngg_post_thumbnail":0,"_glsr_average":0,"_glsr_ranking":0,"_glsr_reviews":0,"footnotes":""},"class_list":["post-5032","page","type-page","status-publish","czr-hentry"],"_links":{"self":[{"href":"https:\/\/photoboothaveiro.pt\/agd\/wp-json\/wp\/v2\/pages\/5032","targetHints":{"allow":["GET"]}}],"collection":[{"href":"https:\/\/photoboothaveiro.pt\/agd\/wp-json\/wp\/v2\/pages"}],"about":[{"href":"https:\/\/photoboothaveiro.pt\/agd\/wp-json\/wp\/v2\/types\/page"}],"author":[{"embeddable":true,"href":"https:\/\/photoboothaveiro.pt\/agd\/wp-json\/wp\/v2\/users\/1"}],"replies":[{"embeddable":true,"href":"https:\/\/photoboothaveiro.pt\/agd\/wp-json\/wp\/v2\/comments?post=5032"}],"version-history":[{"count":57,"href":"https:\/\/photoboothaveiro.pt\/agd\/wp-json\/wp\/v2\/pages\/5032\/revisions"}],"predecessor-version":[{"id":5246,"href":"https:\/\/photoboothaveiro.pt\/agd\/wp-json\/wp\/v2\/pages\/5032\/revisions\/5246"}],"wp:attachment":[{"href":"https:\/\/photoboothaveiro.pt\/agd\/wp-json\/wp\/v2\/media?parent=5032"}],"curies":[{"name":"wp","href":"https:\/\/api.w.org\/{rel}","templated":true}]}}